*3 + 4*z**2 - 58*z - 3. Calculate r(0).
-3
Let l(w) = 2514*w + 7544. Calculate l(-3).
2
Let a(l) = -2136*l + 89719. What is a(42)?
7
Let f(b) = -b**3 + 14*b**2 - 35*b + 611. What is f(14)?
121
Let r(t) = -t**3 - 32*t**2 - 40*t + 1372. Determine r(-29).
9
Let m(h) = -h**3 - 17*h**2 - 3*h + 45. Give m(-16).
-163
Let h(f) = -1742*f + 13895. Calculate h(8).
-41
Let x(z) = -144*z - 784. What is x(-5)?
-64
Let x(m) = 119*m - 696. Determine x(6).
18
Let b(x) = -3307*x - 39687. What is b(-12)?
-3
Let z(a) = 7*a**2 - 12*a - 26. Calculate z(-1).
-7
Let m(h) = -10*h - 71. Determine m(32).
-391
Let s(g) = 5*g**3 + 182*g**2 + 82*g + 340. Determine s(-36).
-20
Let y(z) = -56*z - 308. Give y(-5).
-28
Let b(t) = -3*t**2 + 18*t + 455. Calculate b(-11).
-106
Let k(l) = 39*l**2 + 1445*l + 72. Determine k(-37).
-2
Let q(g) = 155*g - 903. What is q(7)?
182
Let h(d) = -2*d**3 - 3*d**2 + 253*d + 1234. What is h(-5)?
144
Let b(d) = -d**2 - 79*d - 985. Determine b(-17).
69
Let q(z) = -898*z - 357. Determine q(-1).
541
Let t(z) = 18*z**2 + 485*z - 90. What is t(-27)?
-63
Let x(r) = -98*r + 2037. Determine x(21).
-21
Let b(w) = 27*w**3 + 244*w**2 + 10*w - 4. Calculate b(-9).
-13
Let t(u) = 2*u**3 - 3*u**2 - u + 123. Determine t(0).
123
Let m(l) = l**3 + 137*l**2 + 7. Give m(-137).
7
Let y(a) = 67*a + 2558. Calculate y(-38).
12
Let c(a) = -2*a**3 - 47*a**2 + 29*a - 55. Determine c(-24).
-175
Let v(k) = 2*k**3 - 53*k**2 + 119*k + 30. Calculate v(24).
6
Let p(b) = -b**3 + 48*b**2 + 48*b + 39. Give p(49).
-10
Let s(i) = -2*i + 6. Calculate s(0).
6
Let n(i) = -81*i - 314. What is n(-4)?
10
Let v(i) = i**2 - 145*i - 2408. Calculate v(-15).
-8
Let u(x) = -2*x**3 + 25*x**2 - 22*x - 1. Give u(12).
-121
Let b(g) = -2*g**2 - 95*g - 243. Calculate b(-45).
-18
Let b(m) = m**2 - 161*m - 654. Determine b(-4).
6
Let o(m) = m**3 - 36*m**2 - 204*m - 31. Determine o(41).
10
Let n(h) = h**3 + 108*h**2 + 107*h - 9. What is n(-107)?
-9
Let d(b) = -5*b - 257. Give d(-110).
293
Let b(l) = -2*l**2 + 9*l - 57. Calculate b(5).
-62
Let v(a) = 35*a**3 - 245*a**2 - 22*a + 38. Give v(7).
-116
Let l(k) = -636*k - 1986. Determine l(-3).
-78
Let j(l) = 130*l - 2202. Give j(17).
8
Let n(g) = 13*g - 650. Give n(56).
78
Let z(h) = 5*h**2 - 192*h + 35. Give z(38).
-41
Let u(l) = -l**3 - 4*l**2 + 17*l - 33. What is u(6)?
-291
Let u(r) = 20*r**2 + 227*r - 431. What is u(-13)?
-2
Let d(n) = 197*n + 2554. Determine d(-13).
-7
Let g(y) = -41*y - 40. Give g(-1).
1
Let j(w) = 10*w - 74. Give j(6).
-14
Let x(b) = b**2 + 37*b - 648. Determine x(-58).
570
Let d(t) = 22*t + 190. Give d(-9).
-8
Let r(k) = -k**3 + 52*k**2 + 110*k - 177. Determine r(54).
-69
Let l(s) = -6*s**2 + 33*s - 28. Calculate l(5).
-13
Let t(r) = -9*r**3 + 2*r**2 - 8*r + 13. Determine t(2).
-67
Let i(p) = -p**3 + 11*p**2 + 23*p + 28. Calculate i(11).
281
Let a(l) = 7*l - 144. Give a(22).
10
Let n(h) = 852*h**2 + 1704*h - 15. Calculate n(-2).
-15
Let v(f) = -12*f + 55. Give v(4).
7
Let y(a) = -a**3 + 224*a**2 - 1513*a - 1308. Determine y(217).
-6
Let r(u) = 2*u**3 - 28*u**2 + 47*u - 639. Give r(14).
19
Let l(p) = p**2 + 168*p + 1153. Determine l(-161).
26
Let a(d) = -7*d**3 - 28*d**2 - 7*d - 7. What is a(-4)?
21
Let h(c) = 2488*c + 17418. What is h(-7)?
2
Let x(u) = 103*u - 41. Calculate x(0).
-41
Let a(u) = u**2 + 3*u - 38. Give a(9).
70
Let d(c) = -22*c - 709. Calculate d(-34).
39
Let l(g) = -320*g + 1700. Give l(6).
-220
Let a(k) = -k**2 - 11*k + 190. Give a(-24).
-122
Let q(n) = 13*n + 100. Determine q(-7).
9
Let a(x) = -x**3 - 73*x**2 - 97*x - 1801. Calculate a(-72).
-1
Let t(i) = -170*i**3. Calculate t(-1).
170
Let h(p) = 18*p**2 - 608*p - 93. Give h(33).
-555
Let l(g) = -1960*g + 23526. Determine l(12).
6
Let y(j) = -j**3 - 92*j**2 - 267*j - 4. Give y(-89).
-4
Let f(r) = -224*r**2 - 2019*r - 27. Calculate f(-9).
0
Let z(p) = -p**2 + 6*p + 155. Determine z(16).
-5
Let j(l) = -15*l**2 + 61*l + 9. Calculate j(4).
13
Let r(q) = q**2 + 9*q - 103. Determine r(-20).
117
Let m(t) = t**3 + 15*t**2 + 34*t - 11. Give m(-3).
-5
Let z(i) = -55*i + 8. What is z(0)?
8
Let p(o) = o**2 + 76*o + 418. What is p(-6)?
-2
Let n(j) = -118*j - 350. Determine n(-4).
122
Let f(w) = -2*w**2 + 47*w + 130. Calculate f(22).
196
Let u(c) = 15*c + 23. What is u(-6)?
-67
Let c(n) = -3*n**2 - 3*n + 267. Determine c(-10).
-3
Let v(k) = -4*k**2 + k + 79. Determine v(0).
79
Let h(r) = 7*r**2 - 544*r - 9202. Calculate h(92).
-2
Let z(p) = 4*p - 103. Give z(33).
29
Let n(c) = c**3 - 74*c**2 + 8*c - 585. Determine n(74).
7
Let y(w) = -2*w**3 + 11*w**2 - 17*w + 21. Give y(6).
-117
Let d(x) = -1337*x - 14719. Determine d(-11).
-12
Let x(a) = 7*a**2 + 34*a - 457. What is x(-11)?
16
Let y(r) = 127*r - 662. Calculate y(4).
-154
Let p(q) = 354*q + 6324. Give p(-18).
-48
Let p(a) = 16*a + 55. What is p(-6)?
-41
Let u(o) = 2*o**3 - 11*o**2 - 31*o + 52. Determine u(7).
-18
Let n(a) = 200*a**2 - 1602*a + 12. Give n(8).
-4
Let z(s) = -s**3 + 140*s**2 - 804*s - 2. Calculate z(134).
-2
Let r(u) = 4*u**2 - 17*u - 33. What is r(6)?
9
Let t(v) = -v**2 - 309*v - 1835. Give t(-6).
-17
Let i(n) = -2200*n + 48404. Give i(22).
4
Let s(l) = -l**3 - 31*l**2 - 35*l - 64. Give s(-30).
86
Let v(d) = 5*d**2 + 16. Calculate v(7).
261
Let l(s) = 6*s**2 + s - 117. Calculate l(7).
184
Let h(n) = -n**3 - 9*n**2 - 17*n - 17. What is h(-4)?
-29
Let v(i) = 2*i**2 + 200*i + 1754. Give v(-10).
-46
Let o(f) = 210*f + 267. Give o(-1).
57
Let w(h) = 5*h**2 - 68*h - 54. Calculate w(15).
51
Let f(x) = x**3 - 10*x**2 + 19*x + 19. What is f(4)?
-1
Let i(r) = 4*r**3 - 105*r**2 + 26*r - 5. Determine i(26).
-5
Let w(o) = 2*o**3 - 18*o**2 - 2*o + 11. What is w(9)?
-7
Let b(j) = j**2 - 49*j - 3159. Give b(-37).
23
Let k(a) = -6*a**3 + 6*a**2 - 16*a + 12. Calculate k(6).
-1164
Let u(b) = 5*b**3 - 146*b**2 + 604*b + 12. Determine u(5).
7
Let a(c) = -394*c**2 + 10*c - 1. Give a(1).
-385
Let i(y) = 3478*y - 83467. Give i(24).
5
Let b(x) = 2849*x - 99710. Give b(35).
5
Let t(u) = -192*u + 1381. Give t(9).
-347
Let n(m) = 3*m**3 + 262*m**2 + 343*m - 211. What is n(-86)?
-125
Let m(r) = r**3 + 17*r**2 + 91*r + 1504. Give m(-17).
-43
Let r(v) = -v**2 - 3*v + 376. Give r(17).
36
Let a(n) = -6*n**3 + 86*n**2 - 22*n - 91. Calculate a(14).
-7
Let p(l) = -l**3 + 18*l**2 - 22*l + 70. Calculate p(17).
-15
Let w(p) = 329*p + 2491. Calculate w(-8).
-141
Let l(v) = 3*v**3 + v**2 + 11*v + 24. Determine l(-3).
-81
Let i(z) = z**3 - 16*z**2 + 83*z - 1704. Calculate i(17).
-4
Let q(t) = -5*t**3 + 4*t**2 - 317*t - 321. What is q(-1)?
5
Let q(i) = -3*i**3 - 53*i**2 - 41*i - 49. Calculate q(-17).
70
Let d(l) = -9*l - 189. Give d(-53).
288
Let y(c) = -119*c**2 - 17*c - 1. What is y(2)?
-511
Let h(t) = 79*t**2 + 1264*t - 22. What is h(-16)?
-22
Let z(y) = -y**3 - y**2 + 13*y + 45. Determine z(5).
-40
Let b(n) = -n**2 - 72*n + 660. Give b(9).
-69
Let b(o) = -o**3 - 47*o**2 - 17*o - 800. Determine b(-47).
-1
Let q(g) = -16630*g + 166303. Give q(10).
3
Let c(d) = -d**2 + 1739*d - 66301. Give c(39).
-1
Let k(h) = 137*h - 126. Give k(1).
11
Let j(k) = -13*k**2 - 2714*k + 618. Give j(-209).
-9
Let b(p) = p**3 - 12*p**2 - 12*p - 61. What is b(13)?
-48
Let z(l) = 44*l - 2328. What is z(53)?
4
Let b(n) = -4*n**3 - 183*n**2 + 42*n - 209. Calculate b(-46).
-25
Let k(j) = -26*j + 12. Determine k(2).
-40
Let u(d) = 5*d - 380. Give u(77).
5
Let q(c) = -2*c**3 - 29*c**2 - 91*c - 25. Give q(-9).
-97
Let x(a) = -1619*a + 4855. Calculate x(3).
-2
Let o(t) = t**2 - 15*t - 46. What is o(16)?
-30
Let q(w) = 31*w - 229. Calculate q(8).
19
Let t(k) = 97*k**2 + 163*k + 169. Determine t(-1).
103
Let p(f) = -f**3 + 53*f**2 + 11*f - 310. Give p(53).
273
Let a(d) = -12*d - 32. Determine a(0).
-32
Let s(k) = 311*k + 1897. Determine s(-6).
31
Let h(p) = 295*p + 5013. What is h(-17)?
-2
Let h(o) = o**3 - 2*o**2 - 9*o - 10. Determine h(5).
20
Let r(j) = -2*j**2 - 216*j + 630. Determine r(3).
-36
Let p(d) = d**2 + 40*d - 142. What is p(-43)?
-13
Let c(i) = 9*i**3 - 10*i - 9. Calculate c(-1).
-8
Let q(r) = 157*r - 99. Determine q(4).
529
Let o(w) = 199*w + 13936. What is o(-70)?
6
Let p(y) = -12*y**3 + 3*y**2 - 17*y - 20. Give p(-1).
12
Let l(b) = -26*b - 901. Determine l(-35).
9
Let t(k) = 4604*k + 4598. Calculate t(-1).
-6
Let g(v) = -v**3 - 24*v**2 + 22*v + 62. Give g(2).
2
Let p(